227959664?
2
What is the thousands digit of 538776302?
6
What is the thousands digit of 77583965?
3
What is the tens digit of 331000513?
1
What is the ten thousands digit of 627945242?
4
What is the ten thousands digit of 841874397?
7
What is the tens digit of 133726815?
1
What is the ten thousands digit of 4415173056?
7
What is the hundred millions digit of 180240347?
1
What is the millions digit of 5533420843?
3
What is the millions digit of 519482262?
9
What is the units digit of 1010470470?
0
What is the hundred thousands digit of 146415222?
4
What is the hundreds digit of 207688836?
8
What is the billions digit of 2504153099?
2
What is the ten millions digit of 222960877?
2
What is the hundred thousands digit of 68551979?
5
What is the thousands digit of 733199099?
9
What is the millions digit of 64065896?
4
What is the tens digit of 140470447?
4
What is the hundred thousands digit of 996818629?
8
What is the ten thousands digit of 827918776?
1
What is the hundred thousands digit of 445843909?
8
What is the millions digit of 1372247?
1
What is the hundreds digit of 124175606?
6
What is the ten thousands digit of 2066866029?
6
What is the thousands digit of 34992955?
2
What is the hundred millions digit of 389644302?
3
What is the thousands digit of 54164873?
4
What is the hundred millions digit of 821206976?
8
What is the millions digit of 3867356357?
7
What is the hundred millions digit of 114743588?
1
What is the millions digit of 1147316164?
7
What is the hundred thousands digit of 53883509?
8
What is the ten millions digit of 60174541?
6
What is the hundreds digit of 305790712?
7
What is the hundred thousands digit of 33003607?
0
What is the hundred thousands digit of 249052405?
0
What is the hundred thousands digit of 109760072?
7
What is the hundred millions digit of 6106744171?
1
What is the ten millions digit of 723465333?
2
What is the ten thousands digit of 695437514?
3
What is the hundreds digit of 2816617?
6
What is the thousands digit of 24890171?
0
What is the units digit of 252196681?
1
What is the millions digit of 4406599232?
6
What is the tens digit of 698827933?
3
What is the hundreds digit of 3250454484?
4
What is the ten thousands digit of 86367291?
6
What is the tens digit of 128824012?
1
What is the thousands digit of 24374332?
4
What is the millions digit of 652274756?
2
What is the hundreds digit of 162188942?
9
What is the hundred thousands digit of 1345086575?
0
What is the millions digit of 284687963?
4
What is the billions digit of 1536163940?
1
What is the hundred thousands digit of 1780887205?
8
What is the hundred thousands digit of 40952382?
9
What is the ten thousands digit of 1310344445?
4
What is the millions digit of 1580747549?
0
What is the tens digit of 394842554?
5
What is the units digit of 639490969?
9
What is the units digit of 217722292?
2
What is the tens digit of 64041796?
9
What is the millions digit of 3637999966?
7
What is the ten millions digit of 1962723407?
6
What is the millions digit of 1045486613?
5
What is the units digit of 747848741?
1
What is the ten thousands digit of 1980453100?
5
What is the ten millions digit of 24770052?
2
What is the hundreds digit of 132782649?
6
What is the tens digit of 103141939?
3
What is the hundreds digit of 1100632682?
6
What is the tens digit of 1828264?
6
What is the ten thousands digit of 900603968?
0
What is the ten millions digit of 113059872?
1
What is the ten millions digit of 100875166?
0
What is the tens digit of 194962965?
6
What is the units digit of 2654757622?
2
What is the ten thousands digit of 136924079?
2
What is the tens digit of 117960519?
1
What is the thousands digit of 174326969?
6
What is the tens digit of 161158?
5
What is the ten thousands digit of 50055255?
5
What is the tens digit of 2061135?
3
What is the tens digit of 187252359?
5
What is the hundred thousands digit of 39969879?
9
What is the hundred thousands digit of 369317586?
3
What is the ten millions digit of 221997213?
2
What is the thousands digit of 104238547?
8
What is the millions digit of 61432492?
1
What is the hundred thousands digit of 31149152?
1
What is the tens digit of 30111881?
8
What is the thousands digit of 23795341?
5
What is the billions digit of 4079056299?
4
What is the ten millions digit of 2799439274?
9
What is the billions digit of 1373701090?
1
What is the hundred thousands digit of 929019043?
0
What is the ten millions digit of 12876679?
1
What is the ten thousands digit of 36159351?
5
What is the hundred thousands digit of 71780584?
7
What is the units digit of 1944525841?
1
What is the hundreds digit of 258405763?
7
What is the tens digit of 516381858?
5
What is the millions digit of 1051956504?
1
What is the hundreds digit of 24766442?
4
What is the hundreds digit of 49988689?
6
What is the ten millions digit of 509517451?
0
What is the ten thousands digit of 1039568782?
6
What is the tens digit of 1033203644?
4
What is the thousands digit of 237392851?
2
What is the tens digit of 42923862?
6
What is the millions digit of 243746871?
3
What is the ten millions digit of 310375453?
1
What is the ten millions digit of 75558729?
7
What is the millions digit of 1584321345?
4
What is the ten millions digit of 62682366?
6
What is the ten millions digit of 608532430?
0
What is the units digit of 45652008?
8
What is the hundred thousands digit of 40470943?
4
What is the ten millions digit of 18498100?
1
What is the hundreds digit of 53971564?
5
What is the ten millions digit of 30716159?
3
What is the thousands digit of 1991455347?
5
What is the tens digit of 164607732?
3
What is the hundred millions digit of 466127652?
4
What is the hundred thousands digit of 88999713?
9
What is the hundred thousands digit of 85995392?
9
What is the hundreds digit of 824604742?
7
What is the tens digit of 312777292?
9
What is the thousands digit of 44520061?
0
What is the ten thousands digit of 1759454032?
5
What is the ten millions digit of 164753729?
6
What is the hundreds digit of 9855674?
6
What is the hundred thousands digit of 999596886?
5
What is the ten millions digit of 4561735501?
6
What is the millions digit of 56469625?
6
What is the ten thousands digit of 107794760?
9
What is the units digit of 38092047?
7
What is the hundreds digit of 3823403103?
1
What is the tens digit of 476004598?
9
What is the thousands digit of 670276773?
6
What is the ten millions digit of 52952536?
5
What is the ten millions digit of 1088483640?
8
What is the units digit of 139099642?
2
What is the ten millions digit of 1109088458?
0
What is the hundreds digit of 55199627?
6
What is the tens digit of 600006543?
4
What is the ten millions digit of 988737650?
8
What is the thousands digit of 2380573416?
3
What is the tens digit of 1432280638?
3
What is the units digit of 39053020?
0
What is the ten thousands digit of 134542169?
4
What is the ten thousands digit of 4257825575?
2
What is the units digit of 1291309103?
3
What is the tens digit of 48947247?
4
What is the hundred thousands digit of 1016614626?
6
What is the hundred thousands digit of 93476968?
4
What is the ten thousands digit of 50406418?
0
What is the units digit of 568848147?
7
What is the thousands digit of 485635218?
5
What is the units digit of 1765754734?
4
What is the ten millions digit of 327997362?
2
What is the tens digit of 150092171?
7
What is the hundreds digit of 57978294?
2
What is the ten millions digit of 182583834?
8
What is the hundreds digit of 3780373364?
3
What is the ten thousands digit of 684396905?
9
What is the hundreds digit of 26866395?
3
What is the hundred millions digit of 135504458?
1
What is the ten millions digit of 12536382?
1
What is the ten millions digit of 5765732221?
6
What is the ten thousands digit of 618310918?
1
What is the hundred thousands digit of 44315009?
3
What is the millions digit of 171171148?
1
What is the units digit of 267124194?
4
What is the hundred millions digit of 102358385?
1
What is the units digit of 89069353?
3
What is the ten thousands digit of 5664867235?
6
What is the thousands digit of 559077287?
7
What is the millions digit of 2442270021?
2
What is the hundreds digit of 215752465?
4
What is the units digit of 864144425?
5
What is the tens 